e 26/(-7) - ((-27)/(-21) + -1). Let d(g) be the first derivative of -1/4*g**4 - g - 4/3*g**3 - g**2 + 10. Determine d(y).
7
Suppose g = -3*g + 48. Let r(p) = -4*p + 1. Let c(a) = 3*a + 1. Let u(s) = -5*c(s) - 4*r(s). Determine u(g).
3
Suppose 0*f - 10 = -2*f. Let l(n) be the first derivative of 2*n**3/3 - 3*n**2 - 5*n - 2329. Determine l(f).
15
Let w be (81 - 3)/(6/4). Let p = -54 + w. Let l(m) = 2*m**3 - 2*m**2 - 4*m - 2. What is l(p)?
-18
Let k be 8349/(-897) - 4/(-13). Let q(n) = -n**2 - 4*n + 8. What is q(k)?
-37
Let w(t) = -105*t + 335. Let i(d) = -53*d + 174. Let o(r) = 11*i(r) - 6*w(r). Determine o(2).
-2
Let l(k) = -k**2 + 13*k + 70. Let v = 37247 + -37231. Calculate l(v).
22
Let v(t) = -220*t**2 + 68*t**2 + 74*t**2 + 73*t**2 - t + 2*t**3. Determine v(4).
44
Let f = 1848 + -1841. Let d(i) = -37*i + 262. Calculate d(f).
3
Let j(z) be the first derivative of z**5/120 + z**4/24 + 13*z**3 + 44. Let d(p) be the third derivative of j(p). What is d(-4)?
-3
Let i(a) = -a**3 + 20*a**2 - 1. Suppose 32*y - 18*y + 504 = 0. Let c be (y/(-10) - 4)/((-14)/700). Determine i(c).
-1
Suppose 2*d + 8 = 5*r, d + 14 - 17 = -r. Let v(p) = -5*p**2 + p + 6*p + 1 + 2*p**r - 3 - 6*p. Give v(1).
-4
Let m = 168 - 62. Let v = -109 + m. Let g(s) = -4*s + 2. What is g(v)?
14
Let h(j) = 3*j**3 - 2*j**2 + 9*j + 6. Let k(l) = -17*l**3 + 9*l**2 - 46*l - 31. Let t(d) = -11*h(d) - 2*k(d). Suppose 35 = -0*g - 7*g. Give t(g).
6
Let u(q) = q**3 - 6*q**2 + 6*q + 1. Let g be u(5). Let j(d) = 17 - 10 + 986837*d - 14 - 986830*d. Calculate j(g).
35
Suppose 175 = -l + 89. Let v = l - -74. Let d(a) = -a - 3. Determine d(v).
9
Let b(u) = -2*u**3 - 3*u - 3. Let m(c) = 5*c**3 - 4*c**2 + 33*c + 12. Let i(r) = -3*b(r) - m(r). Calculate i(-7).
18
Let p(a) = 3*a - 1. Suppose -u - 2*i - 10 - 4 = 0, 5*u - 2*i = -46. Suppose -v = 4 + 8. Let c = u - v. Determine p(c).
5
Let i(a) = 6*a**2 + a**3 + 6*a**2 + 2 - 6*a**2 - 2*a**2. What is i(-3)?
11
Let q(m) = -m**3 + m**2 + 4*m - 3. Let i be q(2). Let u(f) be the first derivative of 13*f**4/2 + 2*f**3/3 - f**2 + f - 148. What is u(i)?
27
Let k(x) = -62*x**3 + 20*x + 124*x**3 - 10*x - 64*x**3 - 5 - 10*x**2. Calculate k(-6).
7
Let q(s) = 13*s - 595. Let c(o) = 2*o**3 - 220*o**2 + 46. Let p be c(110). Calculate q(p).
3
Let p(a) = -4*a**2 - a + 5. Let k(c) = c + 7. Let w be k(-4). Let g(f) = 5*f**2 + 3*f - 5. Let z(s) = w*g(s) + 4*p(s). Determine z(6).
-1
Let k(b) = 2*b**2 - 3*b. Let u(r) = r**3 - 18*r**2 + 57*r - 12. Let y = 189 - 175. Let t be u(y). Determine k(t).
2
Let g(r) = 63*r - 362. Let x be g(6). Let n(v) = -v**3 + 17*v**2 - 18*v - 15. Give n(x).
-47
Let l(m) = 5*m**3 + m**2 - 3*m + 2. Let g be l(1). Let p(t) = -7*t**2 + 4 + 11*t + 5*t**2 + 10*t**2 - g*t**2. Determine p(-4).
8
Suppose 35 = 2*g - 5*j, 4*g - 20*j - 59 = -21*j. Let d(n) = 2*n**2 - 32*n + 16. Calculate d(g).
-14
Let o(j) = 5*j - 17. Let l(i) = 2*i - 8. Let s(u) = -7*l(u) + 3*o(u). Let r(c) = 3*c**2 + c + 311. Let y be r(0). Let q = y - 306. Give s(q).
10
Let j(g) = -g**3 + 12*g**2 + 7*g + 16. Let z be j(12). Let o = z - 78. Suppose d + 9 = 3*p, -4*d - 4*p + o = -7*d. Let r(h) = -2*h - 8. Give r(d).
4
Suppose 5*z = 3*n + 20, 2*z + 2*z = -n - 1. Let d be (1 + z)*28/56. Suppose -c = 3*c + 5*m + d, -5 = 5*m. Let y(f) = 6*f**2 - 2*f + 1. Give y(c).
5
Let o(f) = -f**3 + 7*f**2 + 7. Let x be 165/(-12) - (-3)/(-12). Let n be (-2049)/(-21) + (-6)/x. Suppose 0 = 9*v + 35 - n. Give o(v).
7
Let r(y) be the third derivative of y**6/120 - 7*y**5/30 - 3*y**4/2 + 55*y**3/6 - 15*y**2 - 200. Determine r(16).
-9
Let v(a) = a**3 + a**2 + 3*a + 1. Let s = 597 + -595. Suppose 3*j = 5*y + 14, 3 = j - s*y - 3. What is v(j)?
-9
Let j(a) = 3*a**2 + 3*a - 3. Let d(g) = -92*g**2 - 12*g + 17. Let w(h) = -d(h) - 5*j(h). What is w(-1)?
78
Let w(a) be the third derivative of -a**5/24 - a**4/24 + 43*a**3/6 + 5*a**2. Let h(q) be the first derivative of w(q). Let b = -9 - -11. What is h(b)?
-11
Let t(i) be the third derivative of -17/6*i**3 + 1/6*i**5 + i**2 - 27*i + 0 - 1/3*i**4 - 1/120*i**6. Determine t(9).
-8
Let w(g) be the second derivative of 1/12*g**4 - 3/2*g**3 + 9 - 5/2*g**2 + 5*g. What is w(10)?
5
Let o(t) = t**2 - 6*t - 6. Let s(y) = y**3 + 15*y**2 + 14*y - 1. Let u be s(-5). Let d = -304 + u. Let r = d - -131. Determine o(r).
-6
Let k(n) be the second derivative of n**5/20 - 5*n**4/6 - 10*n**3/3 + 8*n**2 - 4095*n. Give k(12).
64
Let z(w) be the first derivative of -3*w**2 - 14*w + 899. Calculate z(-4).
10
Let v(o) = -7*o**3 - 47*o**2 - 9*o - 24. Let w(z) = 3*z**3 + 21*z**2 + 5*z + 11. Let g(j) = -2*v(j) - 5*w(j). Determine g(-11).
70
Let k(w) = -w**3 + 7*w**2 + 7*w + 16. Suppose 32 + 28 = p + 52. Determine k(p).
8
Let g(f) = 13 + 2*f + 3*f - 2*f**2 - 4*f**3 - 20 + 7*f**2. Let l(h) = -7*h**3 + 9*h**2 + 10*h - 13. Let z(x) = 5*g(x) - 3*l(x). Let m = 5 + -1. What is z(m)?
16
Let i = -8333 - -8345. Let u(x) be the first derivative of -1/2*x**2 - 5/2*x**4 + 0*x**3 - x - i. Calculate u(-1).
10
Let o(u) = 248 - 3125*u + 3123*u - 239. Calculate o(9).
-9
Let s be 9 + -20 + 14 + -45. Let t(m) = -m**3 - 44*m**2 - 86*m - 77. What is t(s)?
7
Let p(l) be the second derivative of -l**4/4 + 73*l**3/6 + 3*l**2 - 608*l. What is p(24)?
30
Let b(z) be the third derivative of -z**6/360 + z**4/3 - 37*z**3/2 + 93*z**2. Let a(k) be the first derivative of b(k). Determine a(6).
-28
Suppose 4*m - 3*y - 13 = 0, -46*m - y = -43*m - 13. Let z(f) = -3*f**2 + 14*f - 8. Determine z(m).
0
Let c(b) be the first derivative of -7*b**2 - 2*b + 1. Let v = 6149 + -6151. Determine c(v).
26
Suppose 0 = -678*v + 763*v + 2975. Let i(c) = -c**3 - 34*c**2 + 32*c - 104. Determine i(v).
1
Let f(y) = -21*y**3 - 2*y**2 + 5*y + 4. Let m(w) = 6*w**3 - w - 1. Let j(b) = -f(b) - 4*m(b). Let v = -12 - -13. Determine j(v).
-2
Let v(d) = d**2 + 8*d + 4. Let c(y) = y**2 + 4*y - 11. Let i be c(11). Let x = i - 160. Determine v(x).
-8
Let b(z) = 1 - z + 5*z + 0 - z**2. Let v be -62*(-24)/(-16) + 7. Let j be (108/189 + v/28)*-2. Calculate b(j).
-4
Let i(r) = r**2 - 2*r - 7. Suppose 26 - 11 = 3*u. Suppose 22*l + 4*l = u*l. Determine i(l).
-7
Let r(w) = 5*w**2 - 32*w + 17. Let n be r(6). Suppose 0 = -13*j - 109 + n. Let o(x) = -x - 17. What is o(j)?
-9
Let n(z) = -44*z + 200. Let i(m) = 4*m - 7. Let p(t) = 20*i(t) + 2*n(t). Calculate p(33).
-4
Let v(h) = -h**3 + h + 1. Let i = -164 - -161. Let z = -5 - i. Give v(z).
7
Let j(h) = -10*h**2 - 629*h + 78. Let d be j(-63). Let w(o) = -o**3 + 16*o**2 - 13*o - 19. Calculate w(d).
11
Let u(w) = -60*w - 1735. Let j be u(-29). Let x(d) = -2*d**2 + 9*d - 18. Calculate x(j).
-23
Let x(d) = -80*d + 63. Let m(u) = 53*u - 62. Let c(g) = 3*m(g) + 2*x(g). What is c(-27)?
-33
Let l(b) = -b**2 + 5*b - 6. Let u be ((-1)/(25/(-30)))/(4/10). Let j(c) = -8*c - u*c - 43 + 5*c. Let h be j(-8). Calculate l(h).
-6
Let h(w) = 14*w - 40. Let p(l) = -13*l + 39. Let n(u) = -4*h(u) - 5*p(u). Let g be n(5). Let q(y) = y**3 - 9*y**2 - 10*y + 6. What is q(g)?
6
Let m(f) = -f**3 + 16*f**2 - 15*f - 20. Let x(o) = 71*o**2 + 350*o - 10. Let p be x(-5). Give m(p).
-20
Suppose 3*a + 105 = 5*r - a, 0 = -2*r - a + 29. Let b(d) = -d**3 + 17*d**2 + 3*d - 58. Give b(r).
-7
Let g be (0/1)/(-2) - -2. Let w(h) be the third derivative of -13*h**4/24 - h**3/6 - 151*h**2 + 1. What is w(g)?
-27
Let w(r) = -323*r + 35. Let p(a) = 132*a - 16. Let m(y) = 5*p(y) + 2*w(y). Calculate m(4).
46
Let u(h) = -13 - 6 + 16. Let c(r) = -r - 5. Let k(a) = 2*c(a) - 5*u(a). Calculate k(6).
-7
Let v(o) = -5*o**2 - 2. Suppose 339 = -3*n - 10*i + 13*i, 223 = -2*n + 3*i. Let c = n - -118. Calculate v(c).
-22
Suppose -v = 2*v - 2*p - 8, -2*v - 4*p - 16 = 0. Let y(a) be the third derivative of a**4/24 + 16*a**3/3 - 636*a**2. Determine y(v).
32
Let p(u) = -u**3 - 27*u**2 + u + 25. Let t = -3548 - -3521. Determine p(t).
-2
Suppose -92 = -5*f + 3*z, -12*f = -14*f - 4*z + 42. Let y(d) = -4*d + 85. Calculate y(f).
9
Let h(d) = d**3 + d**2 + d. Let a(r) = -r**3 + r**2 + 1. Let s(y) = 2*a(y) + h(y). Let k be (-19 - (-2489)/133) + 10/(-7)*-3. Determine s(k).
-10
Let y = 33 + -28. Suppose y*w + 68 - 53 = 0. Let d(k) = k**3 + 2*k**2 - 3*k - 6. Calculate d(w).
-6
Let y(t) = -t + 10. Let c be y(3). Let v(p) be the third derivative of -p**6/120 + p**5/10 + 3*p**4/8 - 5*p**3/3 + 131*p**2. Give v(